[INFO] cloning repository https://github.com/DeltaManiac/dbgrs
[INFO] running `Command { std: "git" "-c" "credential.helper=" "-c" "credential.helper=/workspace/cargo-home/bin/git-credential-null" "clone" "--bare" "https://github.com/DeltaManiac/dbgrs" "/workspace/cache/git-repos/https%3A%2F%2Fgithub.com%2FDeltaManiac%2Fdbgrs", kill_on_drop: false }`
[INFO] [stderr] Cloning into bare repository '/workspace/cache/git-repos/https%3A%2F%2Fgithub.com%2FDeltaManiac%2Fdbgrs'...
[INFO] running `Command { std: "git" "rev-parse" "HEAD", kill_on_drop: false }`
[INFO] [stdout] 7f19d34aea15816194902d521eb9e771d077ed61
[INFO] checking DeltaManiac/dbgrs against master#cfbc6d4cf1acbac5c025acf8ed68929caa551df3 for pr-75494-beta
[INFO] running `Command { std: "git" "clone" "/workspace/cache/git-repos/https%3A%2F%2Fgithub.com%2FDeltaManiac%2Fdbgrs" "/workspace/builds/worker-5/source", kill_on_drop: false }`
[INFO] [stderr] Cloning into '/workspace/builds/worker-5/source'...
[INFO] [stderr] done.
[INFO] validating manifest of git repo https://github.com/DeltaManiac/dbgrs on toolchain cfbc6d4cf1acbac5c025acf8ed68929caa551df3
[INFO] running `Command { std: "/workspace/cargo-home/bin/cargo" "+cfbc6d4cf1acbac5c025acf8ed68929caa551df3" "read-manifest" "--manifest-path" "Cargo.toml", kill_on_drop: false }`
[INFO] started tweaking git repo https://github.com/DeltaManiac/dbgrs
[INFO] finished tweaking git repo https://github.com/DeltaManiac/dbgrs
[INFO] tweaked toml for git repo https://github.com/DeltaManiac/dbgrs written to /workspace/builds/worker-5/source/Cargo.toml
[INFO] crate git repo https://github.com/DeltaManiac/dbgrs already has a lockfile, it will not be regenerated
[INFO] running `Command { std: "/workspace/cargo-home/bin/cargo" "+cfbc6d4cf1acbac5c025acf8ed68929caa551df3" "fetch" "--locked" "--manifest-path" "Cargo.toml", kill_on_drop: false }`
[INFO] [stderr]  Downloading crates ...
[INFO] [stderr]   Downloaded pdb v0.6.0
[INFO] [stderr]   Downloaded process-memory v0.4.0
[INFO] running `Command { std: "docker" "create" "-v" "/var/lib/crater-agent-workspace/builds/worker-5/target:/opt/rustwide/target:rw,Z" "-v" "/var/lib/crater-agent-workspace/builds/worker-5/source:/opt/rustwide/workdir:ro,Z" "-v" "/var/lib/crater-agent-workspace/cargo-home:/opt/rustwide/cargo-home:ro,Z" "-v" "/var/lib/crater-agent-workspace/rustup-home:/opt/rustwide/rustup-home:ro,Z" "-e" "SOURCE_DIR=/opt/rustwide/workdir" "-e" "CARGO_TARGET_DIR=/opt/rustwide/target" "-e" "CARGO_HOME=/opt/rustwide/cargo-home" "-e" "RUSTUP_HOME=/opt/rustwide/rustup-home" "-w" "/opt/rustwide/workdir" "-m" "1610612736" "--user" "0:0" "--network" "none" "rustops/crates-build-env@sha256:a636fd89d022f18117e1dc8fb37a0a009933cdbbe082814857f0e2024962d47c" "/opt/rustwide/cargo-home/bin/cargo" "+cfbc6d4cf1acbac5c025acf8ed68929caa551df3" "metadata" "--no-deps" "--format-version=1", kill_on_drop: false }`
[INFO] [stdout] f4ea3fdf2a28cc124f82b969e1f681568d78a61487f873fa219b6be8b588f3f1
[INFO] [stderr] WARNING: Your kernel does not support swap limit capabilities or the cgroup is not mounted. Memory limited without swap.
[INFO] running `Command { std: "docker" "start" "-a" "f4ea3fdf2a28cc124f82b969e1f681568d78a61487f873fa219b6be8b588f3f1", kill_on_drop: false }`
[INFO] running `Command { std: "docker" "inspect" "f4ea3fdf2a28cc124f82b969e1f681568d78a61487f873fa219b6be8b588f3f1", kill_on_drop: false }`
[INFO] running `Command { std: "docker" "rm" "-f" "f4ea3fdf2a28cc124f82b969e1f681568d78a61487f873fa219b6be8b588f3f1", kill_on_drop: false }`
[INFO] [stdout] f4ea3fdf2a28cc124f82b969e1f681568d78a61487f873fa219b6be8b588f3f1
[INFO] running `Command { std: "docker" "create" "-v" "/var/lib/crater-agent-workspace/builds/worker-5/target:/opt/rustwide/target:rw,Z" "-v" "/var/lib/crater-agent-workspace/builds/worker-5/source:/opt/rustwide/workdir:ro,Z" "-v" "/var/lib/crater-agent-workspace/cargo-home:/opt/rustwide/cargo-home:ro,Z" "-v" "/var/lib/crater-agent-workspace/rustup-home:/opt/rustwide/rustup-home:ro,Z" "-e" "SOURCE_DIR=/opt/rustwide/workdir" "-e" "CARGO_TARGET_DIR=/opt/rustwide/target" "-e" "CARGO_INCREMENTAL=0" "-e" "RUST_BACKTRACE=full" "-e" "RUSTFLAGS=--cap-lints=forbid" "-e" "CARGO_HOME=/opt/rustwide/cargo-home" "-e" "RUSTUP_HOME=/opt/rustwide/rustup-home" "-w" "/opt/rustwide/workdir" "-m" "1610612736" "--user" "0:0" "--network" "none" "rustops/crates-build-env@sha256:a636fd89d022f18117e1dc8fb37a0a009933cdbbe082814857f0e2024962d47c" "/opt/rustwide/cargo-home/bin/cargo" "+cfbc6d4cf1acbac5c025acf8ed68929caa551df3" "check" "--frozen" "--all" "--all-targets" "--message-format=json", kill_on_drop: false }`
[INFO] [stderr] WARNING: Your kernel does not support swap limit capabilities or the cgroup is not mounted. Memory limited without swap.
[INFO] [stdout] b19d1174cc77c5725e29fe70e5b1b98561ec689af0c17273a2a45e0e59c33ede
[INFO] running `Command { std: "docker" "start" "-a" "b19d1174cc77c5725e29fe70e5b1b98561ec689af0c17273a2a45e0e59c33ede", kill_on_drop: false }`
[INFO] [stderr]    Compiling winapi v0.3.9
[INFO] [stderr]     Checking uuid v0.8.1
[INFO] [stderr]     Checking scroll v0.10.1
[INFO] [stderr]     Checking process-memory v0.4.0
[INFO] [stderr]     Checking pdb v0.6.0
[INFO] [stderr]     Checking win v0.1.0 (/opt/rustwide/workdir)
[INFO] [stdout] error[E0433]: failed to resolve: could not find `windows` in `os`
[INFO] [stdout]  --> src/main.rs:4:14
[INFO] [stdout]   |
[INFO] [stdout] 4 | use std::os::windows::prelude::*;
[INFO] [stdout]   |              ^^^^^^^ could not find `windows` in `os`
[INFO] [stdout] 
[INFO] [stdout] 
[INFO] [stdout] error[E0433]: failed to resolve: could not find `shared` in `winapi`
[INFO] [stdout]  --> src/main.rs:5:13
[INFO] [stdout]   |
[INFO] [stdout] 5 | use winapi::shared::basetsd::DWORD64;
[INFO] [stdout]   |             ^^^^^^ could not find `shared` in `winapi`
[INFO] [stdout] 
[INFO] [stdout] 
[INFO] [stdout] error[E0433]: failed to resolve: could not find `shared` in `winapi`
[INFO] [stdout]  --> src/main.rs:6:13
[INFO] [stdout]   |
[INFO] [stdout] 6 | use winapi::shared::basetsd::SIZE_T;
[INFO] [stdout]   |             ^^^^^^ could not find `shared` in `winapi`
[INFO] [stdout] 
[INFO] [stdout] 
[INFO] [stdout] error[E0433]: failed to resolve: could not find `shared` in `winapi`
[INFO] [stdout]  --> src/main.rs:7:13
[INFO] [stdout]   |
[INFO] [stdout] 7 | use winapi::shared::minwindef::BOOL;
[INFO] [stdout]   |             ^^^^^^ could not find `shared` in `winapi`
[INFO] [stdout] 
[INFO] [stdout] 
[INFO] [stdout] error[E0433]: failed to resolve: could not find `shared` in `winapi`
[INFO] [stdout]  --> src/main.rs:8:13
[INFO] [stdout]   |
[INFO] [stdout] 8 | use winapi::shared::minwindef::DWORD;
[INFO] [stdout]   |             ^^^^^^ could not find `shared` in `winapi`
[INFO] [stdout] 
[INFO] [stdout] 
[INFO] [stdout] error[E0433]: failed to resolve: could not find `shared` in `winapi`
[INFO] [stdout]  --> src/main.rs:9:13
[INFO] [stdout]   |
[INFO] [stdout] 9 | use winapi::shared::minwindef::FALSE;
[INFO] [stdout]   |             ^^^^^^ could not find `shared` in `winapi`
[INFO] [stdout] 
[INFO] [stdout] 
[INFO] [stdout] error[E0433]: failed to resolve: could not find `shared` in `winapi`
[INFO] [stdout]   --> src/main.rs:10:13
[INFO] [stdout]    |
[INFO] [stdout] 10 | use winapi::shared::minwindef::LPVOID;
[INFO] [stdout]    |             ^^^^^^ could not find `shared` in `winapi`
[INFO] [stdout] 
[INFO] [stdout] 
[INFO] [stdout] error[E0433]: failed to resolve: could not find `shared` in `winapi`
[INFO] [stdout]   --> src/main.rs:11:13
[INFO] [stdout]    |
[INFO] [stdout] 11 | use winapi::shared::ntdef::WCHAR;
[INFO] [stdout]    |             ^^^^^^ could not find `shared` in `winapi`
[INFO] [stdout] 
[INFO] [stdout] 
[INFO] [stdout] error[E0433]: failed to resolve: could not find `um` in `winapi`
[INFO] [stdout]   --> src/main.rs:12:13
[INFO] [stdout]    |
[INFO] [stdout] 12 | use winapi::um::dbghelp::SymFromNameW;
[INFO] [stdout]    |             ^^ could not find `um` in `winapi`
[INFO] [stdout] 
[INFO] [stdout] 
[INFO] [stdout] error[E0433]: failed to resolve: could not find `um` in `winapi`
[INFO] [stdout]   --> src/main.rs:13:13
[INFO] [stdout]    |
[INFO] [stdout] 13 | use winapi::um::dbghelp::SymGetOptions;
[INFO] [stdout]    |             ^^ could not find `um` in `winapi`
[INFO] [stdout] 
[INFO] [stdout] 
[INFO] [stdout] error[E0433]: failed to resolve: could not find `um` in `winapi`
[INFO] [stdout]   --> src/main.rs:14:13
[INFO] [stdout]    |
[INFO] [stdout] 14 | use winapi::um::dbghelp::SymInitializeW;
[INFO] [stdout]    |             ^^ could not find `um` in `winapi`
[INFO] [stdout] 
[INFO] [stdout] 
[INFO] [stdout] error[E0433]: failed to resolve: could not find `um` in `winapi`
[INFO] [stdout]   --> src/main.rs:15:13
[INFO] [stdout]    |
[INFO] [stdout] 15 | use winapi::um::dbghelp::SymLoadModuleExW;
[INFO] [stdout]    |             ^^ could not find `um` in `winapi`
[INFO] [stdout] 
[INFO] [stdout] 
[INFO] [stdout] error[E0433]: failed to resolve: could not find `um` in `winapi`
[INFO] [stdout]   --> src/main.rs:16:13
[INFO] [stdout]    |
[INFO] [stdout] 16 | use winapi::um::dbghelp::SymSetOptions;
[INFO] [stdout]    |             ^^ could not find `um` in `winapi`
[INFO] [stdout] 
[INFO] [stdout] 
[INFO] [stdout] error[E0433]: failed to resolve: could not find `um` in `winapi`
[INFO] [stdout]   --> src/main.rs:17:13
[INFO] [stdout]    |
[INFO] [stdout] 17 | use winapi::um::dbghelp::MAX_SYM_NAME;
[INFO] [stdout]    |             ^^ could not find `um` in `winapi`
[INFO] [stdout] 
[INFO] [stdout] 
[INFO] [stdout] error[E0433]: failed to resolve: could not find `um` in `winapi`
[INFO] [stdout]   --> src/main.rs:18:13
[INFO] [stdout]    |
[INFO] [stdout] 18 | use winapi::um::dbghelp::SYMBOL_INFOW;
[INFO] [stdout]    |             ^^ could not find `um` in `winapi`
[INFO] [stdout] 
[INFO] [stdout] 
[INFO] [stdout] error[E0433]: failed to resolve: could not find `um` in `winapi`
[INFO] [stdout]   --> src/main.rs:19:13
[INFO] [stdout]    |
[INFO] [stdout] 19 | use winapi::um::dbghelp::SYMOPT_DEBUG;
[INFO] [stdout]    |             ^^ could not find `um` in `winapi`
[INFO] [stdout] 
[INFO] [stdout] 
[INFO] [stdout] error[E0433]: failed to resolve: could not find `um` in `winapi`
[INFO] [stdout]   --> src/main.rs:20:13
[INFO] [stdout]    |
[INFO] [stdout] 20 | use winapi::um::dbghelp::SYMOPT_LOAD_LINES;
[INFO] [stdout]    |             ^^ could not find `um` in `winapi`
[INFO] [stdout] 
[INFO] [stdout] 
[INFO] [stdout] error[E0433]: failed to resolve: could not find `um` in `winapi`
[INFO] [stdout]   --> src/main.rs:21:13
[INFO] [stdout]    |
[INFO] [stdout] 21 | use winapi::um::debugapi::ContinueDebugEvent;
[INFO] [stdout]    |             ^^ could not find `um` in `winapi`
[INFO] [stdout] 
[INFO] [stdout] 
[INFO] [stdout] error[E0433]: failed to resolve: could not find `um` in `winapi`
[INFO] [stdout]   --> src/main.rs:22:13
[INFO] [stdout]    |
[INFO] [stdout] 22 | use winapi::um::debugapi::WaitForDebugEvent;
[INFO] [stdout]    |             ^^ could not find `um` in `winapi`
[INFO] [stdout] 
[INFO] [stdout] 
[INFO] [stdout] error[E0433]: failed to resolve: could not find `um` in `winapi`
[INFO] [stdout]   --> src/main.rs:23:13
[INFO] [stdout]    |
[INFO] [stdout] 23 | use winapi::um::debugapi::WaitForDebugEventEx;
[INFO] [stdout]    |             ^^ could not find `um` in `winapi`
[INFO] [stdout] 
[INFO] [stdout] 
[INFO] [stdout] error[E0433]: failed to resolve: could not find `um` in `winapi`
[INFO] [stdout]   --> src/main.rs:24:13
[INFO] [stdout]    |
[INFO] [stdout] 24 | use winapi::um::fileapi::FILE_BASIC_INFO;
[INFO] [stdout]    |             ^^ could not find `um` in `winapi`
[INFO] [stdout] 
[INFO] [stdout] 
[INFO] [stdout] error[E0433]: failed to resolve: could not find `um` in `winapi`
[INFO] [stdout]   --> src/main.rs:25:13
[INFO] [stdout]    |
[INFO] [stdout] 25 | use winapi::um::fileapi::FILE_NAME_INFO;
[INFO] [stdout]    |             ^^ could not find `um` in `winapi`
[INFO] [stdout] 
[INFO] [stdout] 
[INFO] [stdout] error[E0433]: failed to resolve: could not find `um` in `winapi`
[INFO] [stdout]   --> src/main.rs:26:13
[INFO] [stdout]    |
[INFO] [stdout] 26 | use winapi::um::fileapi::FILE_STANDARD_INFO;
[INFO] [stdout]    |             ^^ could not find `um` in `winapi`
[INFO] [stdout] 
[INFO] [stdout] 
[INFO] [stdout] error[E0433]: failed to resolve: could not find `um` in `winapi`
[INFO] [stdout]   --> src/main.rs:27:13
[INFO] [stdout]    |
[INFO] [stdout] 27 | use winapi::um::memoryapi::ReadProcessMemory;
[INFO] [stdout]    |             ^^ could not find `um` in `winapi`
[INFO] [stdout] 
[INFO] [stdout] 
[INFO] [stdout] error[E0433]: failed to resolve: could not find `um` in `winapi`
[INFO] [stdout]   --> src/main.rs:28:13
[INFO] [stdout]    |
[INFO] [stdout] 28 | use winapi::um::minwinbase::CREATE_PROCESS_DEBUG_EVENT;
[INFO] [stdout]    |             ^^ could not find `um` in `winapi`
[INFO] [stdout] 
[INFO] [stdout] 
[INFO] [stdout] error[E0433]: failed to resolve: could not find `um` in `winapi`
[INFO] [stdout]   --> src/main.rs:29:13
[INFO] [stdout]    |
[INFO] [stdout] 29 | use winapi::um::minwinbase::CREATE_THREAD_DEBUG_EVENT;
[INFO] [stdout]    |             ^^ could not find `um` in `winapi`
[INFO] [stdout] 
[INFO] [stdout] 
[INFO] [stdout] error[E0433]: failed to resolve: could not find `um` in `winapi`
[INFO] [stdout]   --> src/main.rs:30:13
[INFO] [stdout]    |
[INFO] [stdout] 30 | use winapi::um::minwinbase::DEBUG_EVENT;
[INFO] [stdout]    |             ^^ could not find `um` in `winapi`
[INFO] [stdout] 
[INFO] [stdout] 
[INFO] [stdout] error[E0433]: failed to resolve: could not find `um` in `winapi`
[INFO] [stdout]   --> src/main.rs:31:13
[INFO] [stdout]    |
[INFO] [stdout] 31 | use winapi::um::minwinbase::EXCEPTION_DEBUG_EVENT;
[INFO] [stdout]    |             ^^ could not find `um` in `winapi`
[INFO] [stdout] 
[INFO] [stdout] 
[INFO] [stdout] error[E0433]: failed to resolve: could not find `um` in `winapi`
[INFO] [stdout]   --> src/main.rs:32:13
[INFO] [stdout]    |
[INFO] [stdout] 32 | use winapi::um::minwinbase::EXIT_PROCESS_DEBUG_EVENT;
[INFO] [stdout]    |             ^^ could not find `um` in `winapi`
[INFO] [stdout] 
[INFO] [stdout] 
[INFO] [stdout] error[E0433]: failed to resolve: could not find `um` in `winapi`
[INFO] [stdout]   --> src/main.rs:33:13
[INFO] [stdout]    |
[INFO] [stdout] 33 | use winapi::um::minwinbase::EXIT_THREAD_DEBUG_EVENT;
[INFO] [stdout]    |             ^^ could not find `um` in `winapi`
[INFO] [stdout] 
[INFO] [stdout] 
[INFO] [stdout] error[E0433]: failed to resolve: could not find `um` in `winapi`
[INFO] [stdout]   --> src/main.rs:34:13
[INFO] [stdout]    |
[INFO] [stdout] 34 | use winapi::um::minwinbase::LOAD_DLL_DEBUG_EVENT;
[INFO] [stdout]    |             ^^ could not find `um` in `winapi`
[INFO] [stdout] 
[INFO] [stdout] 
[INFO] [stdout] error[E0433]: failed to resolve: could not find `um` in `winapi`
[INFO] [stdout]   --> src/main.rs:35:13
[INFO] [stdout]    |
[INFO] [stdout] 35 | use winapi::um::minwinbase::LPCONTEXT;
[INFO] [stdout]    |             ^^ could not find `um` in `winapi`
[INFO] [stdout] 
[INFO] [stdout] 
[INFO] [stdout] error[E0433]: failed to resolve: could not find `um` in `winapi`
[INFO] [stdout]   --> src/main.rs:36:13
[INFO] [stdout]    |
[INFO] [stdout] 36 | use winapi::um::processthreadsapi::{
[INFO] [stdout]    |             ^^ could not find `um` in `winapi`
[INFO] [stdout] 
[INFO] [stdout] 
[INFO] [stdout] error[E0433]: failed to resolve: could not find `um` in `winapi`
[INFO] [stdout]   --> src/main.rs:39:13
[INFO] [stdout]    |
[INFO] [stdout] 39 | use winapi::um::winbase::GetFileInformationByHandleEx;
[INFO] [stdout]    |             ^^ could not find `um` in `winapi`
[INFO] [stdout] 
[INFO] [stdout] 
[INFO] [stdout] error[E0433]: failed to resolve: could not find `um` in `winapi`
[INFO] [stdout]   --> src/main.rs:40:13
[INFO] [stdout]    |
[INFO] [stdout] 40 | use winapi::um::winbase::DEBUG_ONLY_THIS_PROCESS;
[INFO] [stdout]    |             ^^ could not find `um` in `winapi`
[INFO] [stdout] 
[INFO] [stdout] 
[INFO] [stdout] error[E0433]: failed to resolve: could not find `um` in `winapi`
[INFO] [stdout]   --> src/main.rs:41:13
[INFO] [stdout]    |
[INFO] [stdout] 41 | use winapi::um::winbase::INFINITE;
[INFO] [stdout]    |             ^^ could not find `um` in `winapi`
[INFO] [stdout] 
[INFO] [stdout] 
[INFO] [stdout] error[E0433]: failed to resolve: could not find `um` in `winapi`
[INFO] [stdout]   --> src/main.rs:42:13
[INFO] [stdout]    |
[INFO] [stdout] 42 | use winapi::um::winnt::CONTEXT;
[INFO] [stdout]    |             ^^ could not find `um` in `winapi`
[INFO] [stdout] 
[INFO] [stdout] 
[INFO] [stdout] error[E0433]: failed to resolve: could not find `um` in `winapi`
[INFO] [stdout]   --> src/main.rs:43:13
[INFO] [stdout]    |
[INFO] [stdout] 43 | use winapi::um::winnt::CONTEXT_ALL;
[INFO] [stdout]    |             ^^ could not find `um` in `winapi`
[INFO] [stdout] 
[INFO] [stdout] 
[INFO] [stdout] error[E0433]: failed to resolve: could not find `um` in `winapi`
[INFO] [stdout]   --> src/main.rs:44:13
[INFO] [stdout]    |
[INFO] [stdout] 44 | use winapi::um::winnt::DBG_CONTINUE;
[INFO] [stdout]    |             ^^ could not find `um` in `winapi`
[INFO] [stdout] 
[INFO] [stdout] 
[INFO] [stdout] error[E0433]: failed to resolve: could not find `shared` in `winapi`
[INFO] [stdout]   --> src/main.rs:45:13
[INFO] [stdout]    |
[INFO] [stdout] 45 | use winapi::shared::minwindef::ULONG;
[INFO] [stdout]    |             ^^^^^^ could not find `shared` in `winapi`
[INFO] [stdout] 
[INFO] [stdout] 
[INFO] [stdout] error[E0433]: failed to resolve: could not find `windows` in `os`
[INFO] [stdout]  --> src/main.rs:4:14
[INFO] [stdout]   |
[INFO] [stdout] 4 | use std::os::windows::prelude::*;
[INFO] [stdout]   |              ^^^^^^^ could not find `windows` in `os`
[INFO] [stdout] 
[INFO] [stdout] 
[INFO] [stdout] error[E0433]: failed to resolve: could not find `shared` in `winapi`
[INFO] [stdout]  --> src/main.rs:5:13
[INFO] [stdout]   |
[INFO] [stdout] 5 | use winapi::shared::basetsd::DWORD64;
[INFO] [stdout]   |             ^^^^^^ could not find `shared` in `winapi`
[INFO] [stdout] 
[INFO] [stdout] 
[INFO] [stdout] error[E0433]: failed to resolve: could not find `shared` in `winapi`
[INFO] [stdout]  --> src/main.rs:6:13
[INFO] [stdout]   |
[INFO] [stdout] 6 | use winapi::shared::basetsd::SIZE_T;
[INFO] [stdout]   |             ^^^^^^ could not find `shared` in `winapi`
[INFO] [stdout] 
[INFO] [stdout] 
[INFO] [stdout] error[E0433]: failed to resolve: could not find `shared` in `winapi`
[INFO] [stdout]  --> src/main.rs:7:13
[INFO] [stdout]   |
[INFO] [stdout] 7 | use winapi::shared::minwindef::BOOL;
[INFO] [stdout]   |             ^^^^^^ could not find `shared` in `winapi`
[INFO] [stdout] 
[INFO] [stdout] 
[INFO] [stdout] error[E0433]: failed to resolve: could not find `shared` in `winapi`
[INFO] [stdout]  --> src/main.rs:8:13
[INFO] [stdout]   |
[INFO] [stdout] 8 | use winapi::shared::minwindef::DWORD;
[INFO] [stdout]   |             ^^^^^^ could not find `shared` in `winapi`
[INFO] [stdout] 
[INFO] [stdout] 
[INFO] [stdout] error[E0433]: failed to resolve: could not find `shared` in `winapi`
[INFO] [stdout]  --> src/main.rs:9:13
[INFO] [stdout]   |
[INFO] [stdout] 9 | use winapi::shared::minwindef::FALSE;
[INFO] [stdout]   |             ^^^^^^ could not find `shared` in `winapi`
[INFO] [stdout] 
[INFO] [stdout] 
[INFO] [stdout] error[E0433]: failed to resolve: could not find `shared` in `winapi`
[INFO] [stdout]   --> src/main.rs:10:13
[INFO] [stdout]    |
[INFO] [stdout] 10 | use winapi::shared::minwindef::LPVOID;
[INFO] [stdout]    |             ^^^^^^ could not find `shared` in `winapi`
[INFO] [stdout] 
[INFO] [stdout] 
[INFO] [stdout] error[E0433]: failed to resolve: could not find `shared` in `winapi`
[INFO] [stdout]   --> src/main.rs:11:13
[INFO] [stdout]    |
[INFO] [stdout] 11 | use winapi::shared::ntdef::WCHAR;
[INFO] [stdout]    |             ^^^^^^ could not find `shared` in `winapi`
[INFO] [stdout] 
[INFO] [stdout] 
[INFO] [stdout] error[E0433]: failed to resolve: could not find `um` in `winapi`
[INFO] [stdout]   --> src/main.rs:12:13
[INFO] [stdout]    |
[INFO] [stdout] 12 | use winapi::um::dbghelp::SymFromNameW;
[INFO] [stdout]    |             ^^ could not find `um` in `winapi`
[INFO] [stdout] 
[INFO] [stdout] 
[INFO] [stdout] error[E0433]: failed to resolve: could not find `um` in `winapi`
[INFO] [stdout]   --> src/main.rs:13:13
[INFO] [stdout]    |
[INFO] [stdout] 13 | use winapi::um::dbghelp::SymGetOptions;
[INFO] [stdout]    |             ^^ could not find `um` in `winapi`
[INFO] [stdout] 
[INFO] [stdout] 
[INFO] [stdout] error[E0433]: failed to resolve: could not find `um` in `winapi`
[INFO] [stdout]   --> src/main.rs:14:13
[INFO] [stdout]    |
[INFO] [stdout] 14 | use winapi::um::dbghelp::SymInitializeW;
[INFO] [stdout]    |             ^^ could not find `um` in `winapi`
[INFO] [stdout] 
[INFO] [stdout] 
[INFO] [stdout] error[E0433]: failed to resolve: could not find `um` in `winapi`
[INFO] [stdout]   --> src/main.rs:15:13
[INFO] [stdout]    |
[INFO] [stdout] 15 | use winapi::um::dbghelp::SymLoadModuleExW;
[INFO] [stdout]    |             ^^ could not find `um` in `winapi`
[INFO] [stdout] 
[INFO] [stdout] 
[INFO] [stdout] error[E0433]: failed to resolve: could not find `um` in `winapi`
[INFO] [stdout]   --> src/main.rs:16:13
[INFO] [stdout]    |
[INFO] [stdout] 16 | use winapi::um::dbghelp::SymSetOptions;
[INFO] [stdout]    |             ^^ could not find `um` in `winapi`
[INFO] [stdout] 
[INFO] [stdout] 
[INFO] [stdout] error[E0433]: failed to resolve: could not find `um` in `winapi`
[INFO] [stdout]   --> src/main.rs:17:13
[INFO] [stdout]    |
[INFO] [stdout] 17 | use winapi::um::dbghelp::MAX_SYM_NAME;
[INFO] [stdout]    |             ^^ could not find `um` in `winapi`
[INFO] [stdout] 
[INFO] [stdout] 
[INFO] [stdout] error[E0433]: failed to resolve: could not find `um` in `winapi`
[INFO] [stdout]   --> src/main.rs:18:13
[INFO] [stdout]    |
[INFO] [stdout] 18 | use winapi::um::dbghelp::SYMBOL_INFOW;
[INFO] [stdout]    |             ^^ could not find `um` in `winapi`
[INFO] [stdout] 
[INFO] [stdout] 
[INFO] [stdout] error[E0433]: failed to resolve: could not find `um` in `winapi`
[INFO] [stdout]   --> src/main.rs:19:13
[INFO] [stdout]    |
[INFO] [stdout] 19 | use winapi::um::dbghelp::SYMOPT_DEBUG;
[INFO] [stdout]    |             ^^ could not find `um` in `winapi`
[INFO] [stdout] 
[INFO] [stdout] 
[INFO] [stdout] error[E0433]: failed to resolve: could not find `um` in `winapi`
[INFO] [stdout]   --> src/main.rs:20:13
[INFO] [stdout]    |
[INFO] [stdout] 20 | use winapi::um::dbghelp::SYMOPT_LOAD_LINES;
[INFO] [stdout]    |             ^^ could not find `um` in `winapi`
[INFO] [stdout] 
[INFO] [stdout] 
[INFO] [stdout] error[E0433]: failed to resolve: could not find `um` in `winapi`
[INFO] [stdout]   --> src/main.rs:21:13
[INFO] [stdout]    |
[INFO] [stdout] 21 | use winapi::um::debugapi::ContinueDebugEvent;
[INFO] [stdout]    |             ^^ could not find `um` in `winapi`
[INFO] [stdout] 
[INFO] [stdout] 
[INFO] [stdout] error[E0433]: failed to resolve: could not find `um` in `winapi`
[INFO] [stdout]   --> src/main.rs:22:13
[INFO] [stdout]    |
[INFO] [stdout] 22 | use winapi::um::debugapi::WaitForDebugEvent;
[INFO] [stdout]    |             ^^ could not find `um` in `winapi`
[INFO] [stdout] 
[INFO] [stdout] 
[INFO] [stdout] error[E0433]: failed to resolve: could not find `um` in `winapi`
[INFO] [stdout]   --> src/main.rs:23:13
[INFO] [stdout]    |
[INFO] [stdout] 23 | use winapi::um::debugapi::WaitForDebugEventEx;
[INFO] [stdout]    |             ^^ could not find `um` in `winapi`
[INFO] [stdout] 
[INFO] [stdout] 
[INFO] [stdout] error[E0433]: failed to resolve: could not find `um` in `winapi`
[INFO] [stdout]   --> src/main.rs:24:13
[INFO] [stdout]    |
[INFO] [stdout] 24 | use winapi::um::fileapi::FILE_BASIC_INFO;
[INFO] [stdout]    |             ^^ could not find `um` in `winapi`
[INFO] [stdout] 
[INFO] [stdout] 
[INFO] [stdout] error[E0433]: failed to resolve: could not find `um` in `winapi`
[INFO] [stdout]   --> src/main.rs:25:13
[INFO] [stdout]    |
[INFO] [stdout] 25 | use winapi::um::fileapi::FILE_NAME_INFO;
[INFO] [stdout]    |             ^^ could not find `um` in `winapi`
[INFO] [stdout] 
[INFO] [stdout] 
[INFO] [stdout] error[E0433]: failed to resolve: could not find `um` in `winapi`
[INFO] [stdout]   --> src/main.rs:26:13
[INFO] [stdout]    |
[INFO] [stdout] 26 | use winapi::um::fileapi::FILE_STANDARD_INFO;
[INFO] [stdout]    |             ^^ could not find `um` in `winapi`
[INFO] [stdout] 
[INFO] [stdout] 
[INFO] [stdout] error[E0433]: failed to resolve: could not find `um` in `winapi`
[INFO] [stdout]   --> src/main.rs:27:13
[INFO] [stdout]    |
[INFO] [stdout] 27 | use winapi::um::memoryapi::ReadProcessMemory;
[INFO] [stdout]    |             ^^ could not find `um` in `winapi`
[INFO] [stdout] 
[INFO] [stdout] 
[INFO] [stdout] error[E0433]: failed to resolve: could not find `um` in `winapi`
[INFO] [stdout]   --> src/main.rs:28:13
[INFO] [stdout]    |
[INFO] [stdout] 28 | use winapi::um::minwinbase::CREATE_PROCESS_DEBUG_EVENT;
[INFO] [stdout]    |             ^^ could not find `um` in `winapi`
[INFO] [stdout] 
[INFO] [stdout] 
[INFO] [stdout] error[E0433]: failed to resolve: could not find `um` in `winapi`
[INFO] [stdout]   --> src/main.rs:29:13
[INFO] [stdout]    |
[INFO] [stdout] 29 | use winapi::um::minwinbase::CREATE_THREAD_DEBUG_EVENT;
[INFO] [stdout]    |             ^^ could not find `um` in `winapi`
[INFO] [stdout] 
[INFO] [stdout] 
[INFO] [stdout] error[E0433]: failed to resolve: could not find `um` in `winapi`
[INFO] [stdout]   --> src/main.rs:30:13
[INFO] [stdout]    |
[INFO] [stdout] 30 | use winapi::um::minwinbase::DEBUG_EVENT;
[INFO] [stdout]    |             ^^ could not find `um` in `winapi`
[INFO] [stdout] 
[INFO] [stdout] 
[INFO] [stdout] error[E0433]: failed to resolve: could not find `um` in `winapi`
[INFO] [stdout]   --> src/main.rs:31:13
[INFO] [stdout]    |
[INFO] [stdout] 31 | use winapi::um::minwinbase::EXCEPTION_DEBUG_EVENT;
[INFO] [stdout]    |             ^^ could not find `um` in `winapi`
[INFO] [stdout] 
[INFO] [stdout] 
[INFO] [stdout] error[E0433]: failed to resolve: could not find `um` in `winapi`
[INFO] [stdout]   --> src/main.rs:32:13
[INFO] [stdout]    |
[INFO] [stdout] 32 | use winapi::um::minwinbase::EXIT_PROCESS_DEBUG_EVENT;
[INFO] [stdout]    |             ^^ could not find `um` in `winapi`
[INFO] [stdout] 
[INFO] [stdout] 
[INFO] [stdout] error[E0433]: failed to resolve: could not find `um` in `winapi`
[INFO] [stdout]   --> src/main.rs:33:13
[INFO] [stdout]    |
[INFO] [stdout] 33 | use winapi::um::minwinbase::EXIT_THREAD_DEBUG_EVENT;
[INFO] [stdout]    |             ^^ could not find `um` in `winapi`
[INFO] [stdout] 
[INFO] [stdout] 
[INFO] [stdout] error[E0433]: failed to resolve: could not find `um` in `winapi`
[INFO] [stdout]   --> src/main.rs:34:13
[INFO] [stdout]    |
[INFO] [stdout] 34 | use winapi::um::minwinbase::LOAD_DLL_DEBUG_EVENT;
[INFO] [stdout]    |             ^^ could not find `um` in `winapi`
[INFO] [stdout] 
[INFO] [stdout] 
[INFO] [stdout] error[E0433]: failed to resolve: could not find `um` in `winapi`
[INFO] [stdout]   --> src/main.rs:35:13
[INFO] [stdout]    |
[INFO] [stdout] 35 | use winapi::um::minwinbase::LPCONTEXT;
[INFO] [stdout]    |             ^^ could not find `um` in `winapi`
[INFO] [stdout] 
[INFO] [stdout] 
[INFO] [stdout] error[E0433]: failed to resolve: could not find `um` in `winapi`
[INFO] [stdout]   --> src/main.rs:36:13
[INFO] [stdout]    |
[INFO] [stdout] 36 | use winapi::um::processthreadsapi::{
[INFO] [stdout]    |             ^^ could not find `um` in `winapi`
[INFO] [stdout] 
[INFO] [stdout] 
[INFO] [stdout] error[E0433]: failed to resolve: could not find `um` in `winapi`
[INFO] [stdout]   --> src/main.rs:39:13
[INFO] [stdout]    |
[INFO] [stdout] 39 | use winapi::um::winbase::GetFileInformationByHandleEx;
[INFO] [stdout]    |             ^^ could not find `um` in `winapi`
[INFO] [stdout] 
[INFO] [stdout] 
[INFO] [stdout] error[E0433]: failed to resolve: could not find `um` in `winapi`
[INFO] [stdout]   --> src/main.rs:40:13
[INFO] [stdout]    |
[INFO] [stdout] 40 | use winapi::um::winbase::DEBUG_ONLY_THIS_PROCESS;
[INFO] [stdout]    |             ^^ could not find `um` in `winapi`
[INFO] [stdout] 
[INFO] [stdout] 
[INFO] [stdout] error[E0433]: failed to resolve: could not find `um` in `winapi`
[INFO] [stdout]   --> src/main.rs:41:13
[INFO] [stdout]    |
[INFO] [stdout] 41 | use winapi::um::winbase::INFINITE;
[INFO] [stdout]    |             ^^ could not find `um` in `winapi`
[INFO] [stdout] 
[INFO] [stdout] 
[INFO] [stdout] error[E0433]: failed to resolve: could not find `um` in `winapi`
[INFO] [stdout]   --> src/main.rs:42:13
[INFO] [stdout]    |
[INFO] [stdout] 42 | use winapi::um::winnt::CONTEXT;
[INFO] [stdout]    |             ^^ could not find `um` in `winapi`
[INFO] [stdout] 
[INFO] [stdout] 
[INFO] [stdout] error[E0433]: failed to resolve: could not find `um` in `winapi`
[INFO] [stdout]   --> src/main.rs:43:13
[INFO] [stdout]    |
[INFO] [stdout] 43 | use winapi::um::winnt::CONTEXT_ALL;
[INFO] [stdout]    |             ^^ could not find `um` in `winapi`
[INFO] [stdout] 
[INFO] [stdout] 
[INFO] [stdout] error[E0433]: failed to resolve: could not find `um` in `winapi`
[INFO] [stdout]   --> src/main.rs:44:13
[INFO] [stdout]    |
[INFO] [stdout] 44 | use winapi::um::winnt::DBG_CONTINUE;
[INFO] [stdout]    |             ^^ could not find `um` in `winapi`
[INFO] [stdout] 
[INFO] [stdout] 
[INFO] [stdout] error[E0433]: failed to resolve: could not find `shared` in `winapi`
[INFO] [stdout]   --> src/main.rs:45:13
[INFO] [stdout]    |
[INFO] [stdout] 45 | use winapi::shared::minwindef::ULONG;
[INFO] [stdout]    |             ^^^^^^ could not find `shared` in `winapi`
[INFO] [stdout] 
[INFO] [stdout] 
[INFO] [stdout] error[E0433]: failed to resolve: could not find `um` in `winapi`
[INFO] [stdout]   --> src/main.rs:76:27
[INFO] [stdout]    |
[INFO] [stdout] 76 |     unsafe { dbg!(winapi::um::errhandlingapi::GetLastError()) };
[INFO] [stdout]    |                           ^^ could not find `um` in `winapi`
[INFO] [stdout] 
[INFO] [stdout] 
[INFO] [stdout] error[E0433]: failed to resolve: could not find `um` in `winapi`
[INFO] [stdout]   --> src/main.rs:76:27
[INFO] [stdout]    |
[INFO] [stdout] 76 |     unsafe { dbg!(winapi::um::errhandlingapi::GetLastError()) };
[INFO] [stdout]    |                           ^^ could not find `um` in `winapi`
[INFO] [stdout] 
[INFO] [stdout] 
[INFO] [stdout] error[E0433]: failed to resolve: could not find `um` in `winapi`
[INFO] [stdout]    --> src/main.rs:105:43
[INFO] [stdout]     |
[INFO] [stdout] 105 |                     unsafe { dbg!(winapi::um::errhandlingapi::GetLastError()) };
[INFO] [stdout]     |                                           ^^ could not find `um` in `winapi`
[INFO] [stdout] 
[INFO] [stdout] 
[INFO] [stdout] error[E0433]: failed to resolve: could not find `um` in `winapi`
[INFO] [stdout]    --> src/main.rs:132:34
[INFO] [stdout]     |
[INFO] [stdout] 132 |                     dbg!(winapi::um::errhandlingapi::GetLastError());
[INFO] [stdout]     |                                  ^^ could not find `um` in `winapi`
[INFO] [stdout] 
[INFO] [stdout] 
[INFO] [stdout] error[E0433]: failed to resolve: could not find `um` in `winapi`
[INFO] [stdout]    --> src/main.rs:105:43
[INFO] [stdout]     |
[INFO] [stdout] 105 |                     unsafe { dbg!(winapi::um::errhandlingapi::GetLastError()) };
[INFO] [stdout]     |                                           ^^ could not find `um` in `winapi`
[INFO] [stdout] 
[INFO] [stdout] 
[INFO] [stdout] error[E0433]: failed to resolve: could not find `um` in `winapi`
[INFO] [stdout]    --> src/main.rs:172:37
[INFO] [stdout]     |
[INFO] [stdout] 172 |                 let class = winapi::um::minwinbase::FileStandardInfo;
[INFO] [stdout]     |                                     ^^ could not find `um` in `winapi`
[INFO] [stdout] 
[INFO] [stdout] 
[INFO] [stdout] error[E0425]: cannot find function, tuple struct or tuple variant `SymGetOptions` in this scope
[INFO] [stdout]   --> src/main.rs:55:29
[INFO] [stdout]    |
[INFO] [stdout] 55 |     let sym_opts = unsafe { SymGetOptions() };
[INFO] [stdout]    |                             ^^^^^^^^^^^^^ not found in this scope
[INFO] [stdout] 
[INFO] [stdout] 
[INFO] [stdout] error[E0425]: cannot find function, tuple struct or tuple variant `SymSetOptions` in this scope
[INFO] [stdout]   --> src/main.rs:57:14
[INFO] [stdout]    |
[INFO] [stdout] 57 |     unsafe { SymSetOptions(sym_opts | SYMOPT_DEBUG | SYMOPT_LOAD_LINES) };
[INFO] [stdout]    |              ^^^^^^^^^^^^^ not found in this scope
[INFO] [stdout] 
[INFO] [stdout] 
[INFO] [stdout] error[E0425]: cannot find value `SYMOPT_DEBUG` in this scope
[INFO] [stdout]   --> src/main.rs:57:39
[INFO] [stdout]    |
[INFO] [stdout] 57 |     unsafe { SymSetOptions(sym_opts | SYMOPT_DEBUG | SYMOPT_LOAD_LINES) };
[INFO] [stdout]    |                                       ^^^^^^^^^^^^ not found in this scope
[INFO] [stdout] 
[INFO] [stdout] 
[INFO] [stdout] error[E0425]: cannot find value `SYMOPT_LOAD_LINES` in this scope
[INFO] [stdout]   --> src/main.rs:57:54
[INFO] [stdout]    |
[INFO] [stdout] 57 |     unsafe { SymSetOptions(sym_opts | SYMOPT_DEBUG | SYMOPT_LOAD_LINES) };
[INFO] [stdout]    |                                                      ^^^^^^^^^^^^^^^^^ not found in this scope
[INFO] [stdout] 
[INFO] [stdout] 
[INFO] [stdout] error[E0412]: cannot find type `STARTUPINFOW` in this scope
[INFO] [stdout]   --> src/main.rs:58:17
[INFO] [stdout]    |
[INFO] [stdout] 58 |     let mut si: STARTUPINFOW = unsafe { mem::zeroed() };
[INFO] [stdout]    |                 ^^^^^^^^^^^^ not found in this scope
[INFO] [stdout] 
[INFO] [stdout] 
[INFO] [stdout] error[E0412]: cannot find type `PROCESS_INFORMATION` in this scope
[INFO] [stdout]   --> src/main.rs:59:17
[INFO] [stdout]    |
[INFO] [stdout] 59 |     let mut pi: PROCESS_INFORMATION = unsafe { mem::zeroed() };
[INFO] [stdout]    |                 ^^^^^^^^^^^^^^^^^^^ not found in this scope
[INFO] [stdout] 
[INFO] [stdout] 
[INFO] [stdout] error[E0425]: cannot find function, tuple struct or tuple variant `CreateProcessW` in this scope
[INFO] [stdout]   --> src/main.rs:61:9
[INFO] [stdout]    |
[INFO] [stdout] 61 |         CreateProcessW(
[INFO] [stdout]    |         ^^^^^^^^^^^^^^ not found in this scope
[INFO] [stdout] 
[INFO] [stdout] 
[INFO] [stdout] error[E0412]: cannot find type `BOOL` in this scope
[INFO] [stdout]   --> src/main.rs:66:22
[INFO] [stdout]    |
[INFO] [stdout] 66 |             false as BOOL,
[INFO] [stdout]    |                      ^^^^ not found in this scope
[INFO] [stdout] 
[INFO] [stdout] 
[INFO] [stdout] error[E0425]: cannot find value `DEBUG_ONLY_THIS_PROCESS` in this scope
[INFO] [stdout]   --> src/main.rs:67:13
[INFO] [stdout]    |
[INFO] [stdout] 67 |             DEBUG_ONLY_THIS_PROCESS,
[INFO] [stdout]    |             ^^^^^^^^^^^^^^^^^^^^^^^ not found in this scope
[INFO] [stdout] 
[INFO] [stdout] 
[INFO] [stdout] error[E0425]: cannot find function, tuple struct or tuple variant `SymInitializeW` in this scope
[INFO] [stdout]   --> src/main.rs:74:24
[INFO] [stdout]    |
[INFO] [stdout] 74 |     let res = unsafe { SymInitializeW(pi.hProcess, std::ptr::null(), FALSE) };
[INFO] [stdout]    |                        ^^^^^^^^^^^^^^ not found in this scope
[INFO] [stdout] 
[INFO] [stdout] 
[INFO] [stdout] error[E0425]: cannot find value `FALSE` in this scope
[INFO] [stdout]   --> src/main.rs:74:70
[INFO] [stdout]    |
[INFO] [stdout] 74 |     let res = unsafe { SymInitializeW(pi.hProcess, std::ptr::null(), FALSE) };
[INFO] [stdout]    |                                                                      ^^^^^ not found in this scope
[INFO] [stdout] 
[INFO] [stdout] 
[INFO] [stdout] error[E0412]: cannot find type `DEBUG_EVENT` in this scope
[INFO] [stdout]   --> src/main.rs:79:26
[INFO] [stdout]    |
[INFO] [stdout] 79 |     let mut debug_event: DEBUG_EVENT = unsafe { mem::zeroed() };
[INFO] [stdout]    |                          ^^^^^^^^^^^ not found in this scope
[INFO] [stdout] 
[INFO] [stdout] 
[INFO] [stdout] error[E0425]: cannot find function, tuple struct or tuple variant `WaitForDebugEvent` in this scope
[INFO] [stdout]   --> src/main.rs:81:26
[INFO] [stdout]    |
[INFO] [stdout] 81 |         let c = unsafe { WaitForDebugEvent(&mut debug_event, INFINITE) };
[INFO] [stdout]    |                          ^^^^^^^^^^^^^^^^^ not found in this scope
[INFO] [stdout] 
[INFO] [stdout] 
[INFO] [stdout] error[E0425]: cannot find value `INFINITE` in this scope
[INFO] [stdout]   --> src/main.rs:81:62
[INFO] [stdout]    |
[INFO] [stdout] 81 |         let c = unsafe { WaitForDebugEvent(&mut debug_event, INFINITE) };
[INFO] [stdout]    |                                                              ^^^^^^^^ not found in this scope
[INFO] [stdout] 
[INFO] [stdout] 
[INFO] [stdout] error[E0412]: cannot find type `CONTEXT` in this scope
[INFO] [stdout]   --> src/main.rs:88:34
[INFO] [stdout]    |
[INFO] [stdout] 88 |                 let mut context: CONTEXT = unsafe { mem::zeroed() };
[INFO] [stdout]    |                                  ^^^^^^^ not found in this scope
[INFO] [stdout] 
[INFO] [stdout] 
[INFO] [stdout] error[E0425]: cannot find value `CONTEXT_ALL` in this scope
[INFO] [stdout]   --> src/main.rs:89:40
[INFO] [stdout]    |
[INFO] [stdout] 89 |                 context.ContextFlags = CONTEXT_ALL;
[INFO] [stdout]    |                                        ^^^^^^^^^^^ not found in this scope
[INFO] [stdout] 
[INFO] [stdout] 
[INFO] [stdout] error[E0425]: cannot find function, tuple struct or tuple variant `SymLoadModuleExW` in this scope
[INFO] [stdout]   --> src/main.rs:94:30
[INFO] [stdout]    |
[INFO] [stdout] 94 |                     let ok = SymLoadModuleExW(
[INFO] [stdout]    |                              ^^^^^^^^^^^^^^^^ not found in this scope
[INFO] [stdout] 
[INFO] [stdout] 
[INFO] [stdout] error[E0412]: cannot find type `DWORD64` in this scope
[INFO] [stdout]   --> src/main.rs:99:52
[INFO] [stdout]    |
[INFO] [stdout] 99 |                         proc_info.lpBaseOfImage as DWORD64,
[INFO] [stdout]    |                                                    ^^^^^^^ not found in this scope
[INFO] [stdout] 
[INFO] [stdout] 
[INFO] [stdout] error[E0425]: cannot find function, tuple struct or tuple variant `GetThreadContext` in this scope
[INFO] [stdout]    --> src/main.rs:106:21
[INFO] [stdout]     |
[INFO] [stdout] 106 |                     GetThreadContext(proc_info.hThread, &mut context as LPCONTEXT);
[INFO] [stdout]     |                     ^^^^^^^^^^^^^^^^ not found in this scope
[INFO] [stdout] 
[INFO] [stdout] 
[INFO] [stdout] error[E0412]: cannot find type `LPCONTEXT` in this scope
[INFO] [stdout]    --> src/main.rs:106:73
[INFO] [stdout]     |
[INFO] [stdout] 106 |                     GetThreadContext(proc_info.hThread, &mut context as LPCONTEXT);
[INFO] [stdout]     |                                                                         ^^^^^^^^^ not found in this scope
[INFO] [stdout] 
[INFO] [stdout] 
[INFO] [stdout] error[E0412]: cannot find type `BOOL` in this scope
[INFO] [stdout]    --> src/main.rs:108:35
[INFO] [stdout]     |
[INFO] [stdout] 108 |                     let bSuccess: BOOL =
[INFO] [stdout]     |                                   ^^^^ not found in this scope
[INFO] [stdout] 
[INFO] [stdout] 
[INFO] [stdout] error[E0425]: cannot find function, tuple struct or tuple variant `SymInitializeW` in this scope
[INFO] [stdout]    --> src/main.rs:109:25
[INFO] [stdout]     |
[INFO] [stdout] 109 |                         SymInitializeW(proc_info.hProcess, std::ptr::null(), false as BOOL);
[INFO] [stdout]     |                         ^^^^^^^^^^^^^^ not found in this scope
[INFO] [stdout] 
[INFO] [stdout] 
[INFO] [stdout] error[E0412]: cannot find type `BOOL` in this scope
[INFO] [stdout]    --> src/main.rs:109:87
[INFO] [stdout]     |
[INFO] [stdout] 109 |                         SymInitializeW(proc_info.hProcess, std::ptr::null(), false as BOOL);
[INFO] [stdout]     |                                                                                       ^^^^ not found in this scope
[INFO] [stdout] 
[INFO] [stdout] 
[INFO] [stdout] error[E0412]: cannot find type `SYMBOL_INFOW` in this scope
[INFO] [stdout]    --> src/main.rs:114:40
[INFO] [stdout]     |
[INFO] [stdout] 114 |                         mem::size_of::<SYMBOL_INFOW>()
[INFO] [stdout]     |                                        ^^^^^^^^^^^^ not found in this scope
[INFO] [stdout] 
[INFO] [stdout] 
[INFO] [stdout] error[E0425]: cannot find value `MAX_SYM_NAME` in this scope
[INFO] [stdout]    --> src/main.rs:115:31
[INFO] [stdout]     |
[INFO] [stdout] 115 | ...                   + MAX_SYM_NAME * mem::size_of::<WCHAR>()
[INFO] [stdout]     |                         ^^^^^^^^^^^^ not found in this scope
[INFO] [stdout] 
[INFO] [stdout] 
[INFO] [stdout] error[E0412]: cannot find type `WCHAR` in this scope
[INFO] [stdout]    --> src/main.rs:115:61
[INFO] [stdout]     |
[INFO] [stdout] 115 | ...                   + MAX_SYM_NAME * mem::size_of::<WCHAR>()
[INFO] [stdout]     |                                                       ^^^^^ not found in this scope
[INFO] [stdout] 
[INFO] [stdout] 
[INFO] [stdout] error[E0412]: cannot find type `SYMBOL_INFOW` in this scope
[INFO] [stdout]    --> src/main.rs:117:36
[INFO] [stdout]     |
[INFO] [stdout] 117 |                     let info: &mut SYMBOL_INFOW = &mut *(buffer.as_mut_ptr() as *mut _);
[INFO] [stdout]     |                                    ^^^^^^^^^^^^ not found in this scope
[INFO] [stdout] 
[INFO] [stdout] 
[INFO] [stdout] error[E0412]: cannot find type `SYMBOL_INFOW` in this scope
[INFO] [stdout]    --> src/main.rs:118:56
[INFO] [stdout]     |
[INFO] [stdout] 118 |                     info.SizeOfStruct = mem::size_of::<SYMBOL_INFOW>() as u32;
[INFO] [stdout]     |                                                        ^^^^^^^^^^^^ not found in this scope
[INFO] [stdout] 
[INFO] [stdout] 
[INFO] [stdout] error[E0433]: failed to resolve: could not find `um` in `winapi`
[INFO] [stdout]    --> src/main.rs:132:34
[INFO] [stdout]     |
[INFO] [stdout] 132 |                     dbg!(winapi::um::errhandlingapi::GetLastError());
[INFO] [stdout]     |                                  ^^ could not find `um` in `winapi`
[INFO] [stdout] 
[INFO] [stdout] 
[INFO] [stdout] error[E0425]: cannot find value `MAX_SYM_NAME` in this scope
[INFO] [stdout]    --> src/main.rs:119:39
[INFO] [stdout]     |
[INFO] [stdout] 119 |                     info.MaxNameLen = MAX_SYM_NAME as u32;
[INFO] [stdout]     |                                       ^^^^^^^^^^^^ not found in this scope
[INFO] [stdout] 
[INFO] [stdout] 
[INFO] [stdout] error[E0422]: cannot find struct, variant or union type `SYMBOL_INFOW` in this scope
[INFO] [stdout]    --> src/main.rs:120:39
[INFO] [stdout]     |
[INFO] [stdout] 120 |                      let mut symbol = SYMBOL_INFOW {
[INFO] [stdout]     |                                       ^^^^^^^^^^^^ not found in this scope
[INFO] [stdout] 
[INFO] [stdout] 
[INFO] [stdout] error[E0412]: cannot find type `SYMBOL_INFOW` in this scope
[INFO] [stdout]    --> src/main.rs:121:50
[INFO] [stdout]     |
[INFO] [stdout] 121 |                 SizeOfStruct:std::mem::size_of::<SYMBOL_INFOW>() as ULONG,
[INFO] [stdout]     |                                                  ^^^^^^^^^^^^ not found in this scope
[INFO] [stdout] 
[INFO] [stdout] 
[INFO] [stdout] error[E0412]: cannot find type `ULONG` in this scope
[INFO] [stdout]    --> src/main.rs:121:69
[INFO] [stdout]     |
[INFO] [stdout] 121 |                 SizeOfStruct:std::mem::size_of::<SYMBOL_INFOW>() as ULONG,
[INFO] [stdout]     |                                                                     ^^^^^ not found in this scope
[INFO] [stdout] 
[INFO] [stdout] 
[INFO] [stdout] error[E0425]: cannot find function, tuple struct or tuple variant `SymFromNameW` in this scope
[INFO] [stdout]    --> src/main.rs:129:29
[INFO] [stdout]     |
[INFO] [stdout] 129 |                     let g = SymFromNameW(pi.hProcess, name2.as_ptr(), &mut symbol);
[INFO] [stdout]     |                             ^^^^^^^^^^^^ not found in this scope
[INFO] [stdout] 
[INFO] [stdout] 
[INFO] [stdout] error[E0425]: cannot find function, tuple struct or tuple variant `ReadProcessMemory` in this scope
[INFO] [stdout]    --> src/main.rs:134:21
[INFO] [stdout]     |
[INFO] [stdout] 134 |                     ReadProcessMemory(
[INFO] [stdout]     |                     ^^^^^^^^^^^^^^^^^ not found in this scope
[INFO] [stdout] 
[INFO] [stdout] 
[INFO] [stdout] error[E0412]: cannot find type `LPVOID` in this scope
[INFO] [stdout]    --> src/main.rs:136:75
[INFO] [stdout]     |
[INFO] [stdout] 136 |                         context.Rbp as usize + symbol.Address as usize as LPVOID,
[INFO] [stdout]     |                                                                           ^^^^^^ not found in this scope
[INFO] [stdout] 
[INFO] [stdout] 
[INFO] [stdout] error[E0412]: cannot find type `LPVOID` in this scope
[INFO] [stdout]    --> src/main.rs:137:45
[INFO] [stdout]     |
[INFO] [stdout] 137 |                         buf.as_mut_ptr() as LPVOID,
[INFO] [stdout]     |                                             ^^^^^^ not found in this scope
[INFO] [stdout] 
[INFO] [stdout] 
[INFO] [stdout] error[E0412]: cannot find type `SIZE_T` in this scope
[INFO] [stdout]    --> src/main.rs:138:38
[INFO] [stdout]     |
[INFO] [stdout] 138 |                         buf.len() as SIZE_T,
[INFO] [stdout]     |                                      ^^^^^^ not found in this scope
[INFO] [stdout] 
[INFO] [stdout] 
[INFO] [stdout] error[E0412]: cannot find type `FILE_NAME_INFO` in this scope
[INFO] [stdout]    --> src/main.rs:170:60
[INFO] [stdout]     |
[INFO] [stdout] 170 |                 let mut info = unsafe { std::mem::zeroed::<FILE_NAME_INFO>() };
[INFO] [stdout]     |                                                            ^^^^^^^^^^^^^^ not found in this scope
[INFO] [stdout] 
[INFO] [stdout] 
[INFO] [stdout] error[E0412]: cannot find type `FILE_NAME_INFO` in this scope
[INFO] [stdout]    --> src/main.rs:174:48
[INFO] [stdout]     |
[INFO] [stdout] 174 |                 let size = std::mem::size_of::<FILE_NAME_INFO>() as DWORD;
[INFO] [stdout]     |                                                ^^^^^^^^^^^^^^ not found in this scope
[INFO] [stdout] 
[INFO] [stdout] 
[INFO] [stdout] error[E0412]: cannot find type `DWORD` in this scope
[INFO] [stdout]    --> src/main.rs:174:69
[INFO] [stdout]     |
[INFO] [stdout] 174 |                 let size = std::mem::size_of::<FILE_NAME_INFO>() as DWORD;
[INFO] [stdout]     |                                                                     ^^^^^ not found in this scope
[INFO] [stdout] 
[INFO] [stdout] 
[INFO] [stdout] error[E0425]: cannot find function, tuple struct or tuple variant `GetFileInformationByHandleEx` in this scope
[INFO] [stdout]    --> src/main.rs:176:21
[INFO] [stdout]     |
[INFO] [stdout] 176 |                     GetFileInformationByHandleEx(debug_event.u.LoadDll().hFile, class, data, size)
[INFO] [stdout]     |                     ^^^^^^^^^^^^^^^^^^^^^^^^^^^^ not found in this scope
[INFO] [stdout] 
[INFO] [stdout] 
[INFO] [stdout] error[E0425]: cannot find function, tuple struct or tuple variant `ContinueDebugEvent` in this scope
[INFO] [stdout]    --> src/main.rs:197:13
[INFO] [stdout]     |
[INFO] [stdout] 197 |             ContinueDebugEvent(
[INFO] [stdout]     |             ^^^^^^^^^^^^^^^^^^ not found in this scope
[INFO] [stdout] 
[INFO] [stdout] 
[INFO] [stdout] error[E0425]: cannot find value `DBG_CONTINUE` in this scope
[INFO] [stdout]    --> src/main.rs:200:17
[INFO] [stdout]     |
[INFO] [stdout] 200 |                 DBG_CONTINUE,
[INFO] [stdout]     |                 ^^^^^^^^^^^^ not found in this scope
[INFO] [stdout] 
[INFO] [stdout] 
[INFO] [stdout] error[E0433]: failed to resolve: could not find `um` in `winapi`
[INFO] [stdout]    --> src/main.rs:172:37
[INFO] [stdout]     |
[INFO] [stdout] 172 |                 let class = winapi::um::minwinbase::FileStandardInfo;
[INFO] [stdout]     |                                     ^^ could not find `um` in `winapi`
[INFO] [stdout] 
[INFO] [stdout] 
[INFO] [stdout] error[E0425]: cannot find function, tuple struct or tuple variant `SymGetOptions` in this scope
[INFO] [stdout]   --> src/main.rs:55:29
[INFO] [stdout]    |
[INFO] [stdout] 55 |     let sym_opts = unsafe { SymGetOptions() };
[INFO] [stdout]    |                             ^^^^^^^^^^^^^ not found in this scope
[INFO] [stdout] 
[INFO] [stdout] 
[INFO] [stdout] error[E0425]: cannot find function, tuple struct or tuple variant `SymSetOptions` in this scope
[INFO] [stdout]   --> src/main.rs:57:14
[INFO] [stdout]    |
[INFO] [stdout] 57 |     unsafe { SymSetOptions(sym_opts | SYMOPT_DEBUG | SYMOPT_LOAD_LINES) };
[INFO] [stdout]    |              ^^^^^^^^^^^^^ not found in this scope
[INFO] [stdout] 
[INFO] [stdout] 
[INFO] [stdout] error[E0425]: cannot find value `SYMOPT_DEBUG` in this scope
[INFO] [stdout]   --> src/main.rs:57:39
[INFO] [stdout]    |
[INFO] [stdout] 57 |     unsafe { SymSetOptions(sym_opts | SYMOPT_DEBUG | SYMOPT_LOAD_LINES) };
[INFO] [stdout]    |                                       ^^^^^^^^^^^^ not found in this scope
[INFO] [stdout] 
[INFO] [stdout] 
[INFO] [stdout] error[E0425]: cannot find value `SYMOPT_LOAD_LINES` in this scope
[INFO] [stdout]   --> src/main.rs:57:54
[INFO] [stdout]    |
[INFO] [stdout] 57 |     unsafe { SymSetOptions(sym_opts | SYMOPT_DEBUG | SYMOPT_LOAD_LINES) };
[INFO] [stdout]    |                                                      ^^^^^^^^^^^^^^^^^ not found in this scope
[INFO] [stdout] 
[INFO] [stdout] 
[INFO] [stdout] error[E0412]: cannot find type `STARTUPINFOW` in this scope
[INFO] [stdout]   --> src/main.rs:58:17
[INFO] [stdout]    |
[INFO] [stdout] 58 |     let mut si: STARTUPINFOW = unsafe { mem::zeroed() };
[INFO] [stdout]    |                 ^^^^^^^^^^^^ not found in this scope
[INFO] [stdout] 
[INFO] [stdout] 
[INFO] [stdout] error[E0412]: cannot find type `PROCESS_INFORMATION` in this scope
[INFO] [stdout]   --> src/main.rs:59:17
[INFO] [stdout]    |
[INFO] [stdout] 59 |     let mut pi: PROCESS_INFORMATION = unsafe { mem::zeroed() };
[INFO] [stdout]    |                 ^^^^^^^^^^^^^^^^^^^ not found in this scope
[INFO] [stdout] 
[INFO] [stdout] 
[INFO] [stdout] error[E0425]: cannot find function, tuple struct or tuple variant `CreateProcessW` in this scope
[INFO] [stdout]   --> src/main.rs:61:9
[INFO] [stdout]    |
[INFO] [stdout] 61 |         CreateProcessW(
[INFO] [stdout]    |         ^^^^^^^^^^^^^^ not found in this scope
[INFO] [stdout] 
[INFO] [stdout] 
[INFO] [stdout] error[E0412]: cannot find type `BOOL` in this scope
[INFO] [stdout]   --> src/main.rs:66:22
[INFO] [stdout]    |
[INFO] [stdout] 66 |             false as BOOL,
[INFO] [stdout]    |                      ^^^^ not found in this scope
[INFO] [stdout] 
[INFO] [stdout] 
[INFO] [stdout] error[E0425]: cannot find value `DEBUG_ONLY_THIS_PROCESS` in this scope
[INFO] [stdout]   --> src/main.rs:67:13
[INFO] [stdout]    |
[INFO] [stdout] 67 |             DEBUG_ONLY_THIS_PROCESS,
[INFO] [stdout]    |             ^^^^^^^^^^^^^^^^^^^^^^^ not found in this scope
[INFO] [stdout] 
[INFO] [stdout] 
[INFO] [stdout] error[E0425]: cannot find function, tuple struct or tuple variant `SymInitializeW` in this scope
[INFO] [stdout]   --> src/main.rs:74:24
[INFO] [stdout]    |
[INFO] [stdout] 74 |     let res = unsafe { SymInitializeW(pi.hProcess, std::ptr::null(), FALSE) };
[INFO] [stdout]    |                        ^^^^^^^^^^^^^^ not found in this scope
[INFO] [stdout] 
[INFO] [stdout] 
[INFO] [stdout] error[E0425]: cannot find value `FALSE` in this scope
[INFO] [stdout]   --> src/main.rs:74:70
[INFO] [stdout]    |
[INFO] [stdout] 74 |     let res = unsafe { SymInitializeW(pi.hProcess, std::ptr::null(), FALSE) };
[INFO] [stdout]    |                                                                      ^^^^^ not found in this scope
[INFO] [stdout] 
[INFO] [stdout] 
[INFO] [stdout] error[E0412]: cannot find type `DEBUG_EVENT` in this scope
[INFO] [stdout]   --> src/main.rs:79:26
[INFO] [stdout]    |
[INFO] [stdout] 79 |     let mut debug_event: DEBUG_EVENT = unsafe { mem::zeroed() };
[INFO] [stdout]    |                          ^^^^^^^^^^^ not found in this scope
[INFO] [stdout] 
[INFO] [stdout] 
[INFO] [stdout] error[E0425]: cannot find function, tuple struct or tuple variant `WaitForDebugEvent` in this scope
[INFO] [stdout]   --> src/main.rs:81:26
[INFO] [stdout]    |
[INFO] [stdout] 81 |         let c = unsafe { WaitForDebugEvent(&mut debug_event, INFINITE) };
[INFO] [stdout]    |                          ^^^^^^^^^^^^^^^^^ not found in this scope
[INFO] [stdout] 
[INFO] [stdout] 
[INFO] [stdout] error[E0425]: cannot find value `INFINITE` in this scope
[INFO] [stdout]   --> src/main.rs:81:62
[INFO] [stdout]    |
[INFO] [stdout] 81 |         let c = unsafe { WaitForDebugEvent(&mut debug_event, INFINITE) };
[INFO] [stdout]    |                                                              ^^^^^^^^ not found in this scope
[INFO] [stdout] 
[INFO] [stdout] 
[INFO] [stdout] error[E0412]: cannot find type `CONTEXT` in this scope
[INFO] [stdout]   --> src/main.rs:88:34
[INFO] [stdout]    |
[INFO] [stdout] 88 |                 let mut context: CONTEXT = unsafe { mem::zeroed() };
[INFO] [stdout]    |                                  ^^^^^^^ not found in this scope
[INFO] [stdout] 
[INFO] [stdout] 
[INFO] [stdout] error[E0425]: cannot find value `CONTEXT_ALL` in this scope
[INFO] [stdout]   --> src/main.rs:89:40
[INFO] [stdout]    |
[INFO] [stdout] 89 |                 context.ContextFlags = CONTEXT_ALL;
[INFO] [stdout]    |                                        ^^^^^^^^^^^ not found in this scope
[INFO] [stdout] 
[INFO] [stdout] 
[INFO] [stdout] error[E0425]: cannot find function, tuple struct or tuple variant `SymLoadModuleExW` in this scope
[INFO] [stdout]   --> src/main.rs:94:30
[INFO] [stdout]    |
[INFO] [stdout] 94 |                     let ok = SymLoadModuleExW(
[INFO] [stdout]    |                              ^^^^^^^^^^^^^^^^ not found in this scope
[INFO] [stdout] 
[INFO] [stdout] 
[INFO] [stdout] error[E0412]: cannot find type `DWORD64` in this scope
[INFO] [stdout]   --> src/main.rs:99:52
[INFO] [stdout]    |
[INFO] [stdout] 99 |                         proc_info.lpBaseOfImage as DWORD64,
[INFO] [stdout]    |                                                    ^^^^^^^ not found in this scope
[INFO] [stdout] 
[INFO] [stdout] 
[INFO] [stdout] error[E0425]: cannot find function, tuple struct or tuple variant `GetThreadContext` in this scope
[INFO] [stdout]    --> src/main.rs:106:21
[INFO] [stdout]     |
[INFO] [stdout] 106 |                     GetThreadContext(proc_info.hThread, &mut context as LPCONTEXT);
[INFO] [stdout]     |                     ^^^^^^^^^^^^^^^^ not found in this scope
[INFO] [stdout] 
[INFO] [stdout] 
[INFO] [stdout] error[E0412]: cannot find type `LPCONTEXT` in this scope
[INFO] [stdout]    --> src/main.rs:106:73
[INFO] [stdout]     |
[INFO] [stdout] 106 |                     GetThreadContext(proc_info.hThread, &mut context as LPCONTEXT);
[INFO] [stdout]     |                                                                         ^^^^^^^^^ not found in this scope
[INFO] [stdout] 
[INFO] [stdout] 
[INFO] [stdout] error[E0412]: cannot find type `BOOL` in this scope
[INFO] [stdout]    --> src/main.rs:108:35
[INFO] [stdout]     |
[INFO] [stdout] 108 |                     let bSuccess: BOOL =
[INFO] [stdout]     |                                   ^^^^ not found in this scope
[INFO] [stdout] 
[INFO] [stdout] 
[INFO] [stdout] error[E0425]: cannot find function, tuple struct or tuple variant `SymInitializeW` in this scope
[INFO] [stdout]    --> src/main.rs:109:25
[INFO] [stdout]     |
[INFO] [stdout] 109 |                         SymInitializeW(proc_info.hProcess, std::ptr::null(), false as BOOL);
[INFO] [stdout]     |                         ^^^^^^^^^^^^^^ not found in this scope
[INFO] [stdout] 
[INFO] [stdout] 
[INFO] [stdout] error[E0412]: cannot find type `BOOL` in this scope
[INFO] [stdout]    --> src/main.rs:109:87
[INFO] [stdout]     |
[INFO] [stdout] 109 |                         SymInitializeW(proc_info.hProcess, std::ptr::null(), false as BOOL);
[INFO] [stdout]     |                                                                                       ^^^^ not found in this scope
[INFO] [stdout] 
[INFO] [stdout] 
[INFO] [stdout] error[E0412]: cannot find type `SYMBOL_INFOW` in this scope
[INFO] [stdout]    --> src/main.rs:114:40
[INFO] [stdout]     |
[INFO] [stdout] 114 |                         mem::size_of::<SYMBOL_INFOW>()
[INFO] [stdout]     |                                        ^^^^^^^^^^^^ not found in this scope
[INFO] [stdout] 
[INFO] [stdout] 
[INFO] [stdout] error[E0425]: cannot find value `MAX_SYM_NAME` in this scope
[INFO] [stdout]    --> src/main.rs:115:31
[INFO] [stdout]     |
[INFO] [stdout] 115 | ...                   + MAX_SYM_NAME * mem::size_of::<WCHAR>()
[INFO] [stdout]     |                         ^^^^^^^^^^^^ not found in this scope
[INFO] [stdout] 
[INFO] [stdout] 
[INFO] [stdout] error[E0412]: cannot find type `WCHAR` in this scope
[INFO] [stdout]    --> src/main.rs:115:61
[INFO] [stdout]     |
[INFO] [stdout] 115 | ...                   + MAX_SYM_NAME * mem::size_of::<WCHAR>()
[INFO] [stdout]     |                                                       ^^^^^ not found in this scope
[INFO] [stdout] 
[INFO] [stdout] 
[INFO] [stdout] error[E0412]: cannot find type `SYMBOL_INFOW` in this scope
[INFO] [stdout]    --> src/main.rs:117:36
[INFO] [stdout]     |
[INFO] [stdout] 117 |                     let info: &mut SYMBOL_INFOW = &mut *(buffer.as_mut_ptr() as *mut _);
[INFO] [stdout]     |                                    ^^^^^^^^^^^^ not found in this scope
[INFO] [stdout] 
[INFO] [stdout] 
[INFO] [stdout] error[E0412]: cannot find type `SYMBOL_INFOW` in this scope
[INFO] [stdout]    --> src/main.rs:118:56
[INFO] [stdout]     |
[INFO] [stdout] 118 |                     info.SizeOfStruct = mem::size_of::<SYMBOL_INFOW>() as u32;
[INFO] [stdout]     |                                                        ^^^^^^^^^^^^ not found in this scope
[INFO] [stdout] 
[INFO] [stdout] 
[INFO] [stdout] error[E0425]: cannot find value `MAX_SYM_NAME` in this scope
[INFO] [stdout]    --> src/main.rs:119:39
[INFO] [stdout]     |
[INFO] [stdout] 119 |                     info.MaxNameLen = MAX_SYM_NAME as u32;
[INFO] [stdout]     |                                       ^^^^^^^^^^^^ not found in this scope
[INFO] [stdout] 
[INFO] [stdout] 
[INFO] [stdout] error[E0422]: cannot find struct, variant or union type `SYMBOL_INFOW` in this scope
[INFO] [stdout]    --> src/main.rs:120:39
[INFO] [stdout]     |
[INFO] [stdout] 120 |                      let mut symbol = SYMBOL_INFOW {
[INFO] [stdout]     |                                       ^^^^^^^^^^^^ not found in this scope
[INFO] [stdout] 
[INFO] [stdout] 
[INFO] [stdout] error[E0412]: cannot find type `SYMBOL_INFOW` in this scope
[INFO] [stdout]    --> src/main.rs:121:50
[INFO] [stdout]     |
[INFO] [stdout] 121 |                 SizeOfStruct:std::mem::size_of::<SYMBOL_INFOW>() as ULONG,
[INFO] [stdout]     |                                                  ^^^^^^^^^^^^ not found in this scope
[INFO] [stdout] 
[INFO] [stdout] 
[INFO] [stdout] error[E0412]: cannot find type `ULONG` in this scope
[INFO] [stdout]    --> src/main.rs:121:69
[INFO] [stdout]     |
[INFO] [stdout] 121 |                 SizeOfStruct:std::mem::size_of::<SYMBOL_INFOW>() as ULONG,
[INFO] [stdout]     |                                                                     ^^^^^ not found in this scope
[INFO] [stdout] 
[INFO] [stdout] 
[INFO] [stdout] error[E0425]: cannot find function, tuple struct or tuple variant `SymFromNameW` in this scope
[INFO] [stdout]    --> src/main.rs:129:29
[INFO] [stdout]     |
[INFO] [stdout] 129 |                     let g = SymFromNameW(pi.hProcess, name2.as_ptr(), &mut symbol);
[INFO] [stdout]     |                             ^^^^^^^^^^^^ not found in this scope
[INFO] [stdout] 
[INFO] [stdout] 
[INFO] [stdout] error[E0425]: cannot find function, tuple struct or tuple variant `ReadProcessMemory` in this scope
[INFO] [stdout]    --> src/main.rs:134:21
[INFO] [stdout]     |
[INFO] [stdout] 134 |                     ReadProcessMemory(
[INFO] [stdout]     |                     ^^^^^^^^^^^^^^^^^ not found in this scope
[INFO] [stdout] 
[INFO] [stdout] 
[INFO] [stdout] error[E0412]: cannot find type `LPVOID` in this scope
[INFO] [stdout]    --> src/main.rs:136:75
[INFO] [stdout]     |
[INFO] [stdout] 136 |                         context.Rbp as usize + symbol.Address as usize as LPVOID,
[INFO] [stdout]     |                                                                           ^^^^^^ not found in this scope
[INFO] [stdout] 
[INFO] [stdout] 
[INFO] [stdout] error[E0412]: cannot find type `LPVOID` in this scope
[INFO] [stdout]    --> src/main.rs:137:45
[INFO] [stdout]     |
[INFO] [stdout] 137 |                         buf.as_mut_ptr() as LPVOID,
[INFO] [stdout]     |                                             ^^^^^^ not found in this scope
[INFO] [stdout] 
[INFO] [stdout] 
[INFO] [stdout] error[E0412]: cannot find type `SIZE_T` in this scope
[INFO] [stdout]    --> src/main.rs:138:38
[INFO] [stdout]     |
[INFO] [stdout] 138 |                         buf.len() as SIZE_T,
[INFO] [stdout]     |                                      ^^^^^^ not found in this scope
[INFO] [stdout] 
[INFO] [stdout] 
[INFO] [stdout] error[E0412]: cannot find type `FILE_NAME_INFO` in this scope
[INFO] [stdout]    --> src/main.rs:170:60
[INFO] [stdout]     |
[INFO] [stdout] 170 |                 let mut info = unsafe { std::mem::zeroed::<FILE_NAME_INFO>() };
[INFO] [stdout]     |                                                            ^^^^^^^^^^^^^^ not found in this scope
[INFO] [stdout] 
[INFO] [stdout] 
[INFO] [stdout] error[E0412]: cannot find type `FILE_NAME_INFO` in this scope
[INFO] [stdout]    --> src/main.rs:174:48
[INFO] [stdout]     |
[INFO] [stdout] 174 |                 let size = std::mem::size_of::<FILE_NAME_INFO>() as DWORD;
[INFO] [stdout]     |                                                ^^^^^^^^^^^^^^ not found in this scope
[INFO] [stdout] 
[INFO] [stdout] 
[INFO] [stdout] error[E0412]: cannot find type `DWORD` in this scope
[INFO] [stdout]    --> src/main.rs:174:69
[INFO] [stdout]     |
[INFO] [stdout] 174 |                 let size = std::mem::size_of::<FILE_NAME_INFO>() as DWORD;
[INFO] [stdout]     |                                                                     ^^^^^ not found in this scope
[INFO] [stdout] 
[INFO] [stdout] 
[INFO] [stdout] error[E0425]: cannot find function, tuple struct or tuple variant `GetFileInformationByHandleEx` in this scope
[INFO] [stdout]    --> src/main.rs:176:21
[INFO] [stdout]     |
[INFO] [stdout] 176 |                     GetFileInformationByHandleEx(debug_event.u.LoadDll().hFile, class, data, size)
[INFO] [stdout]     |                     ^^^^^^^^^^^^^^^^^^^^^^^^^^^^ not found in this scope
[INFO] [stdout] 
[INFO] [stdout] 
[INFO] [stdout] error[E0425]: cannot find function, tuple struct or tuple variant `ContinueDebugEvent` in this scope
[INFO] [stdout]    --> src/main.rs:197:13
[INFO] [stdout]     |
[INFO] [stdout] 197 |             ContinueDebugEvent(
[INFO] [stdout]     |             ^^^^^^^^^^^^^^^^^^ not found in this scope
[INFO] [stdout] 
[INFO] [stdout] 
[INFO] [stdout] error[E0425]: cannot find value `DBG_CONTINUE` in this scope
[INFO] [stdout]    --> src/main.rs:200:17
[INFO] [stdout]     |
[INFO] [stdout] 200 |                 DBG_CONTINUE,
[INFO] [stdout]     |                 ^^^^^^^^^^^^ not found in this scope
[INFO] [stdout] 
[INFO] [stdout] 
[INFO] [stdout] error[E0599]: no method named `encode_wide` found for reference `&std::ffi::OsStr` in the current scope
[INFO] [stdout]    --> src/main.rs:126:26
[INFO] [stdout]     |
[INFO] [stdout] 126 |                         .encode_wide()
[INFO] [stdout]     |                          ^^^^^^^^^^^ method not found in `&std::ffi::OsStr`
[INFO] [stdout] 
[INFO] [stdout] 
[INFO] [stdout] error[E0599]: no method named `encode_wide` found for reference `&std::ffi::OsStr` in the current scope
[INFO] [stdout]    --> src/main.rs:208:31
[INFO] [stdout]     |
[INFO] [stdout] 208 |     let vec: Vec<u16> = input.encode_wide().chain(Some(0)).collect();
[INFO] [stdout]     |                               ^^^^^^^^^^^ method not found in `&std::ffi::OsStr`
[INFO] [stdout] 
[INFO] [stdout] 
[INFO] [stdout] error: aborting due to 89 previous errors
[INFO] [stdout] 
[INFO] [stdout] 
[INFO] [stdout] Some errors have detailed explanations: E0412, E0422, E0425, E0433, E0599.
[INFO] [stdout] 
[INFO] [stdout] For more information about an error, try `rustc --explain E0412`.
[INFO] [stdout] 
[INFO] [stdout] error[E0599]: no method named `encode_wide` found for reference `&std::ffi::OsStr` in the current scope
[INFO] [stdout]    --> src/main.rs:126:26
[INFO] [stdout]     |
[INFO] [stdout] 126 |                         .encode_wide()
[INFO] [stdout]     |                          ^^^^^^^^^^^ method not found in `&std::ffi::OsStr`
[INFO] [stdout] 
[INFO] [stdout] 
[INFO] [stderr] error: could not compile `win`.
[INFO] [stderr] 
[INFO] [stderr] To learn more, run the command again with --verbose.
[INFO] [stderr] warning: build failed, waiting for other jobs to finish...
[INFO] [stdout] error[E0599]: no method named `encode_wide` found for reference `&std::ffi::OsStr` in the current scope
[INFO] [stdout]    --> src/main.rs:208:31
[INFO] [stdout]     |
[INFO] [stdout] 208 |     let vec: Vec<u16> = input.encode_wide().chain(Some(0)).collect();
[INFO] [stdout]     |                               ^^^^^^^^^^^ method not found in `&std::ffi::OsStr`
[INFO] [stdout] 
[INFO] [stdout] 
[INFO] [stdout] error: aborting due to 89 previous errors
[INFO] [stdout] 
[INFO] [stdout] 
[INFO] [stdout] Some errors have detailed explanations: E0412, E0422, E0425, E0433, E0599.
[INFO] [stdout] 
[INFO] [stdout] For more information about an error, try `rustc --explain E0412`.
[INFO] [stdout] 
[INFO] [stderr] error: build failed
[INFO] running `Command { std: "docker" "inspect" "b19d1174cc77c5725e29fe70e5b1b98561ec689af0c17273a2a45e0e59c33ede", kill_on_drop: false }`
[INFO] running `Command { std: "docker" "rm" "-f" "b19d1174cc77c5725e29fe70e5b1b98561ec689af0c17273a2a45e0e59c33ede", kill_on_drop: false }`
[INFO] [stdout] b19d1174cc77c5725e29fe70e5b1b98561ec689af0c17273a2a45e0e59c33ede
